{"id":305,"date":"2021-02-21T18:34:04","date_gmt":"2021-02-21T18:34:04","guid":{"rendered":"https:\/\/bvlagos.pt\/gse\/?page_id=305"},"modified":"2025-08-16T12:01:20","modified_gmt":"2025-08-16T12:01:20","slug":"associacao","status":"publish","type":"page","link":"https:\/\/bvlagos.pt\/gse\/associacao\/","title":{"rendered":"Associa\u00e7\u00e3o"},"content":{"rendered":"<h1>Associa\u00e7\u00e3o Humanit\u00e1ria dos Bombeiros Volunt\u00e1rios de Lagos<\/h1>\n<p>FUNDADA\u00a0 24 JULHO 1886<\/p>\n<h2>ASSOCIA\u00c7\u00c3O HUMANIT\u00c1RIA DOS BOMBEIROS VOLUNT\u00c1RIOS DE LAGOS<\/h2>\n<h2>Servi\u00e7os<\/h2>\n<h2><\/p>\n<ul style=\"margin-bottom: 20px; margin-left: 0px; padding-left: 20px; color: rgb(51, 51, 51); font-family: &quot;Helvetica Neue&quot;, Helvetica, Arial, sans-serif; font-size: 14px; font-style: normal; font-weight: 400; letter-spacing: normal; text-align: start; white-space: normal;\">\n<li style=\"font-weight: 500; padding-top: 6px; padding-bottom: 6px; vertical-align: top; border-style: none; color: rgb(114, 114, 114);\">Servi\u00e7o de urg\u00eancia em ambul\u00e2ncia (quando n\u00e3o aceite pelo INEM);<\/li>\n<li style=\"font-weight: 500; padding-top: 6px; padding-bottom: 6px; vertical-align: top; border-style: none; color: rgb(114, 114, 114);\">Transporte de doentes em ambul\u00e2ncia (acamados ou em cadeira de rodas);<\/li>\n<li style=\"font-weight: 500; padding-top: 6px; padding-bottom: 6px; vertical-align: top; border-style: none; color: rgb(114, 114, 114);\">Preven\u00e7\u00f5es com ambul\u00e2ncias com DAE, ou viaturas de fogo;<\/li>\n<li style=\"font-weight: 500; padding-top: 6px; padding-bottom: 6px; vertical-align: top; border-style: none; color: rgb(114, 114, 114);\">Preven\u00e7\u00f5es em queimadas ou queima de sobrantes;<\/li>\n<li style=\"font-weight: 500; padding-top: 6px; padding-bottom: 6px; vertical-align: top; border-style: none; color: rgb(114, 114, 114);\">Transporte de \u00e1gua;<\/li>\n<li style=\"font-weight: 500; padding-top: 6px; padding-bottom: 6px; vertical-align: top; border-style: none; color: rgb(114, 114, 114);\">Aberturas de portas;<\/li>\n<li style=\"font-weight: 500; padding-top: 6px; padding-bottom: 6px; vertical-align: top; border-style: none; color: rgb(114, 114, 114);\">Lavagens de Estrada;<\/li>\n<li style=\"font-weight: 500; padding-top: 6px; padding-bottom: 6px; vertical-align: top; border-style: none; color: rgb(114, 114, 114);\">Disponibilidade de auto-escada (30m) para qualquer tipo de servi\u00e7o;<\/li>\n<li style=\"font-weight: 500; padding-top: 6px; padding-bottom: 6px; vertical-align: top; border-style: none; color: rgb(114, 114, 114);\">Utiliza\u00e7\u00e3o de material de inc\u00eandio (viaturas, escadas, motobombas, \u2026);<\/li>\n<li style=\"font-weight: 500; padding-top: 6px; padding-bottom: 6px; vertical-align: top; border-style: none; color: rgb(114, 114, 114);\">Emiss\u00e3o de Certid\u00f5es e Relat\u00f3rios de Ocorr\u00eancia;<\/li>\n<li style=\"font-weight: 500; padding-top: 6px; padding-bottom: 6px; vertical-align: top; border-style: none; color: rgb(114, 114, 114);\">Aluguer de Instala\u00e7\u00f5es;<\/li>\n<li style=\"font-weight: 500; padding-top: 6px; padding-bottom: 6px; vertical-align: top; border-style: none; color: rgb(114, 114, 114);\">Departamento pr\u00f3prio certificado de Venda e Manuten\u00e7\u00e3o de Extintores.\n<\/li>\n<\/ul>\n<\/h2>\n<h3>\n\t\t\t\t\tMorada<br \/>\n\t\t\t\t<\/h3>\n<p>Rua dos Bombeiros Volunt\u00e1rios de Lagos<br \/>N\u00ba 112 &#8211; 8600 577 Lagos Algarve<\/p>\n<h3>\n\t\t\t\t\tEmail<br \/>\n\t\t\t\t<\/h3>\n<p>geral@bvlagos.pt<br \/>\nsecretaria@bvlagos.pt<\/p>\n<h3>\n\t\t\t\t\tContatos Telef\u00f3nicos<br \/>\n\t\t\t\t<\/h3>\n<p>282 770 790<\/p>\n","protected":false},"excerpt":{"rendered":"<p>Associa\u00e7\u00e3o Humanit\u00e1ria dos Bombeiros Volunt\u00e1rios de Lagos FUNDADA\u00a0 24 JULHO 1886 ASSOCIA\u00c7\u00c3O HUMANIT\u00c1RIA DOS BOMBEIROS VOLUNT\u00c1RIOS DE LAGOS Servi\u00e7os Servi\u00e7o de urg\u00eancia em ambul\u00e2ncia (quando n\u00e3o aceite pelo INEM); Transporte de doentes em ambul\u00e2ncia (acamados ou em cadeira de rodas); Preven\u00e7\u00f5es com ambul\u00e2ncias com DAE, ou viaturas de fogo; Preven\u00e7\u00f5es em queimadas ou queima de &hellip;<\/p>\n<p class=\"read-more\"> <a class=\"\" href=\"https:\/\/bvlagos.pt\/gse\/associacao\/\"> <span class=\"screen-reader-text\">Associa\u00e7\u00e3o<\/span> Read More &raquo;<\/a><\/p>\n","protected":false},"author":1,"featured_media":0,"parent":0,"menu_order":0,"comment_status":"closed","ping_status":"closed","template":"","meta":{"footnotes":""},"class_list":["post-305","page","type-page","status-publish","hentry"],"_links":{"self":[{"href":"https:\/\/bvlagos.pt\/gse\/wp-json\/wp\/v2\/pages\/305","targetHints":{"allow":["GET"]}}],"collection":[{"href":"https:\/\/bvlagos.pt\/gse\/wp-json\/wp\/v2\/pages"}],"about":[{"href":"https:\/\/bvlagos.pt\/gse\/wp-json\/wp\/v2\/types\/page"}],"author":[{"embeddable":true,"href":"https:\/\/bvlagos.pt\/gse\/wp-json\/wp\/v2\/users\/1"}],"replies":[{"embeddable":true,"href":"https:\/\/bvlagos.pt\/gse\/wp-json\/wp\/v2\/comments?post=305"}],"version-history":[{"count":61,"href":"https:\/\/bvlagos.pt\/gse\/wp-json\/wp\/v2\/pages\/305\/revisions"}],"predecessor-version":[{"id":2830,"href":"https:\/\/bvlagos.pt\/gse\/wp-json\/wp\/v2\/pages\/305\/revisions\/2830"}],"wp:attachment":[{"href":"https:\/\/bvlagos.pt\/gse\/wp-json\/wp\/v2\/media?parent=305"}],"curies":[{"name":"wp","href":"https:\/\/api.w.org\/{rel}","templated":true}]}}

Associação

<h1>Associação Humanitária dos Bombeiros Voluntários de Lagos</h1>
<p>FUNDADA  24 JULHO 1886</p>
<h2>ASSOCIAÇÃO HUMANITÁRIA DOS BOMBEIROS VOLUNTÁRIOS DE LAGOS</h2>
<h2>Serviços</h2>
<h2></p>
<ul style="margin-bottom: 20px; margin-left: 0px; padding-left: 20px; color: rgb(51, 51, 51); font-family: &quot;Helvetica Neue&quot;, Helvetica, Arial, sans-serif; font-size: 14px; font-style: normal; font-weight: 400; letter-spacing: normal; text-align: start; white-space: normal;">
<li style="font-weight: 500; padding-top: 6px; padding-bottom: 6px; vertical-align: top; border-style: none; color: rgb(114, 114, 114);">Serviço de urgência em ambulância (quando não aceite pelo INEM);</li>
<li style="font-weight: 500; padding-top: 6px; padding-bottom: 6px; vertical-align: top; border-style: none; color: rgb(114, 114, 114);">Transporte de doentes em ambulância (acamados ou em cadeira de rodas);</li>
<li style="font-weight: 500; padding-top: 6px; padding-bottom: 6px; vertical-align: top; border-style: none; color: rgb(114, 114, 114);">Prevenções com ambulâncias com DAE, ou viaturas de fogo;</li>
<li style="font-weight: 500; padding-top: 6px; padding-bottom: 6px; vertical-align: top; border-style: none; color: rgb(114, 114, 114);">Prevenções em queimadas ou queima de sobrantes;</li>
<li style="font-weight: 500; padding-top: 6px; padding-bottom: 6px; vertical-align: top; border-style: none; color: rgb(114, 114, 114);">Transporte de água;</li>
<li style="font-weight: 500; padding-top: 6px; padding-bottom: 6px; vertical-align: top; border-style: none; color: rgb(114, 114, 114);">Aberturas de portas;</li>
<li style="font-weight: 500; padding-top: 6px; padding-bottom: 6px; vertical-align: top; border-style: none; color: rgb(114, 114, 114);">Lavagens de Estrada;</li>
<li style="font-weight: 500; padding-top: 6px; padding-bottom: 6px; vertical-align: top; border-style: none; color: rgb(114, 114, 114);">Disponibilidade de auto-escada (30m) para qualquer tipo de serviço;</li>
<li style="font-weight: 500; padding-top: 6px; padding-bottom: 6px; vertical-align: top; border-style: none; color: rgb(114, 114, 114);">Utilização de material de incêndio (viaturas, escadas, motobombas, …);</li>
<li style="font-weight: 500; padding-top: 6px; padding-bottom: 6px; vertical-align: top; border-style: none; color: rgb(114, 114, 114);">Emissão de Certidões e Relatórios de Ocorrência;</li>
<li style="font-weight: 500; padding-top: 6px; padding-bottom: 6px; vertical-align: top; border-style: none; color: rgb(114, 114, 114);">Aluguer de Instalações;</li>
<li style="font-weight: 500; padding-top: 6px; padding-bottom: 6px; vertical-align: top; border-style: none; color: rgb(114, 114, 114);">Departamento próprio certificado de Venda e Manutenção de Extintores.
</li>
</ul>
</h2>
<h3>
					Morada<br />
				</h3>
<p>Rua dos Bombeiros Voluntários de Lagos<br />Nº 112 &#8211; 8600 577 Lagos Algarve</p>
<h3>
					Email<br />
				</h3>
<p>geral@bvlagos.pt<br />
secretaria@bvlagos.pt</p>
<h3>
					Contatos Telefónicos<br />
				</h3>
<p>282 770 790</p>

<p>Associação Humanitária dos Bombeiros Voluntários de Lagos FUNDADA  24 JULHO 1886 ASSOCIAÇÃO HUMANITÁRIA DOS BOMBEIROS VOLUNTÁRIOS DE LAGOS Serviços Serviço de urgência em ambulância (quando não aceite pelo INEM); Transporte de doentes em ambulância (acamados ou em cadeira de rodas); Prevenções com ambulâncias com DAE, ou viaturas de fogo; Prevenções em queimadas ou queima de &hellip;</p>
<p class="read-more"> <a class="" href="https://bvlagos.pt/gse/associacao/"> <span class="screen-reader-text">Associação</span> Read More &raquo;</a></p>
